{"id":23,"date":"2025-12-12T16:25:48","date_gmt":"2025-12-12T16:25:48","guid":{"rendered":"https:\/\/tracklogix.es\/?page_id=23"},"modified":"2025-12-15T11:56:05","modified_gmt":"2025-12-15T11:56:05","slug":"home","status":"publish","type":"page","link":"http:\/\/tracklogix.es\/","title":{"rendered":"Home"},"content":{"rendered":"<p>    <!-- Navegaci\u00f3n Fija --><\/p>\n<header class=\"sticky top-0 z-50 bg-white shadow-lg\">\n<div class=\"max-w-7xl mx-auto px-4 sm:px-6 lg:px-8\">\n<div class=\"flex justify-between items-center h-20\">\n                <a href=\"#\" class=\"text-2xl font-extrabold text-gradient\">TrackLogix<\/a><\/p>\n<nav class=\"hidden md:flex space-x-8\">\n                    <a href=\"#inicio\" class=\"text-gray-600 hover:text-blue-600 font-medium transition duration-150\">Inicio<\/a><br \/>\n                    <a href=\"#servicios\" class=\"text-gray-600 hover:text-blue-600 font-medium transition duration-150\">Servicios<\/a><br \/>\n                    <a href=\"#valor-a\u00f1adido\" class=\"text-gray-600 hover:text-blue-600 font-medium transition duration-150\">Valor A\u00f1adido<\/a><br \/>\n                    <a href=\"#experiencia\" class=\"text-gray-600 hover:text-blue-600 font-medium transition duration-150\">Experiencia<\/a><br \/>\n                    <a href=\"#contacto\" class=\"px-4 py-2 text-white bg-blue-600 rounded-lg hover:bg-blue-700 transition duration-150 shadow-md\">Contacto<\/a><br \/>\n                <\/nav>\n<p>                <button id=\"mobile-menu-button\" class=\"md:hidden p-2 rounded-lg text-gray-600 hover:bg-gray-100\"><br \/>\n                    <!-- Icono de men\u00fa (hamburger) --><br \/>\n                    <i data-lucide=\"menu\" class=\"w-6 h-6\"><\/i><br \/>\n                <\/button>\n            <\/div>\n<\/p><\/div>\n<\/header>\n<p>    <!-- Men\u00fa M\u00f3vil (Oculto por defecto) --><\/p>\n<div id=\"mobile-menu\" class=\"hidden md:hidden fixed inset-0 bg-white z-40 p-6 shadow-xl\">\n<div class=\"flex justify-end\">\n            <button id=\"close-menu-button\" class=\"p-2 rounded-lg text-gray-600 hover:bg-gray-100\"><br \/>\n                <!-- Icono de cerrar --><br \/>\n                <i data-lucide=\"x\" class=\"w-6 h-6\"><\/i><br \/>\n            <\/button>\n        <\/div>\n<nav class=\"flex flex-col space-y-4 mt-8\">\n            <a href=\"#inicio\" class=\"text-lg font-semibold text-gray-700 hover:text-blue-600 border-b pb-2\" onclick=\"toggleMenu()\">Inicio<\/a><br \/>\n            <a href=\"#servicios\" class=\"text-lg font-semibold text-gray-700 hover:text-blue-600 border-b pb-2\" onclick=\"toggleMenu()\">Servicios<\/a><br \/>\n            <a href=\"#valor-a\u00f1adido\" class=\"text-lg font-semibold text-gray-700 hover:text-blue-600 border-b pb-2\" onclick=\"toggleMenu()\">Valor A\u00f1adido<\/a><br \/>\n            <a href=\"#experiencia\" class=\"text-lg font-semibold text-gray-700 hover:text-blue-600 border-b pb-2\" onclick=\"toggleMenu()\">Experiencia<\/a><br \/>\n            <a href=\"#contacto\" class=\"mt-4 px-4 py-3 text-center text-white bg-blue-600 rounded-lg hover:bg-blue-700 font-semibold shadow-lg\" onclick=\"toggleMenu()\">Contacto<\/a><br \/>\n        <\/nav>\n<\/p><\/div>\n<p>    <!-- Secci\u00f3n 1: INICIO (HERO) --><\/p>\n<section id=\"inicio\" class=\"section-padding bg-white\">\n<div class=\"ltr text-left\">\n<div class=\"max-w-7xl mx-auto w-full flex flex-col md:flex-row justify-between gap-12 items-center\">\n<div class=\"w-full md:w-1\/2 text-center md:text-left\">\n<h1 class=\"text-5xl lg:text-6xl font-extrabold leading-tight\">\n                    <span class=\"text-gradient\">Manipulados y env\u00edos<\/span> con tracking completo<br \/>\n                <\/h1>\n<p class=\"mt-6 text-xl text-gray-600\">\n                    Somos especialistas en la gesti\u00f3n y env\u00edo de productos que \u00abexigen\u00bb un tracking personalizado.\n                <\/p>\n<p class=\"mt-4 text-xl font-semibold text-blue-800\">\n                    Deja que TrackLogix gestione tus campa\u00f1as y c\u00e9ntrate en el an\u00e1lisis de los resultados.\n                <\/p>\n<div class=\"mt-10\">\n                    <a href=\"#contacto\" class=\"inline-flex items-center justify-center px-8 py-4 border border-transparent text-lg font-bold rounded-xl shadow-xl text-white bg-blue-600 hover:bg-blue-700 transition duration-300 transform hover:scale-105\"><br \/>\n                        <i data-lucide=\"send\" class=\"w-5 h-5 mr-3\"><\/i><br \/>\n                        Solicitar An\u00e1lisis Gratuito<br \/>\n                    <\/a>\n                <\/div>\n<\/p><\/div>\n<div class=\"hidden md:block w-full md:w-1\/2\">\n                <img decoding=\"async\" src=\"http:\/\/tracklogix.es\/wp-content\/uploads\/2025\/12\/Web-Lecturas.png\" \n                     alt=\"Operario de almac\u00e9n en un pasillo de estanter\u00edas consultando una tablet\" \n                     class=\"rounded-xl shadow-2xl w-full h-auto object-cover border-4 border-blue-100\">\n            <\/div>\n<\/p><\/div>\n<\/p><\/div>\n<\/section>\n<section id=\"servicios\" class=\"section-padding bg-gray-50\">\n<div class=\"max-w-7xl mx-auto\">\n<h2 class=\"text-4xl font-extrabold text-center mb-4 text-gray-800\">Gesti\u00f3n Integral y Env\u00edos con <span class=\"text-gradient\">Tracking Individualizado<\/span><\/h2>\n<p class=\"text-xl text-center max-w-3xl mx-auto mb-16 text-gray-600\">\n            Aseguramos la entrega eficiente y la recogida de los datos necesarios para medir el \u00e9xito de tus acciones.\n        <\/p>\n<div class=\"grid md:grid-cols-3 gap-8 items-stretch\">\n<div class=\"bg-white p-8 rounded-xl shadow-lg hover:shadow-2xl transition duration-300 flex flex-col items-center text-center h-full\">\n                <i data-lucide=\"megaphone\" class=\"w-10 h-10 text-blue-600 mb-4\"><\/i><\/p>\n<h3 class=\"text-2xl font-bold mb-3\">Acciones de Promoci\u00f3n<\/h3>\n<p class=\"text-gray-600\">\n                    Log\u00edstica completa de campa\u00f1as promocionales, asegurando el seguimiento de cada env\u00edo y haciendo posible medir el ROI de las acciones.\n                <\/p>\n<\/p><\/div>\n<div class=\"bg-white p-8 rounded-xl shadow-lg hover:shadow-2xl transition duration-300 flex flex-col items-center text-center h-full\">\n                <i data-lucide=\"heart\" class=\"w-10 h-10 text-blue-600 mb-4\"><\/i><\/p>\n<h3 class=\"text-2xl font-bold mb-3\">Programas de Fidelizaci\u00f3n<\/h3>\n<p class=\"text-gray-600\">\n                    Administraci\u00f3n de env\u00edos de recompensas a clientes fieles en el momento de cumplir unos criterios previamente establecidos.\n                <\/p>\n<\/p><\/div>\n<div class=\"bg-white p-8 rounded-xl shadow-lg hover:shadow-2xl transition duration-300 flex flex-col items-center text-center h-full\">\n                <i data-lucide=\"box\" class=\"w-10 h-10 text-blue-600 mb-4\"><\/i><\/p>\n<h3 class=\"text-2xl font-bold mb-3\">Sampling Targetizado<\/h3>\n<p class=\"text-gray-600\">\n                    Env\u00edo de muestras con c\u00f3digos individuales para seguir los resultados de la acci\u00f3n y an\u00e1lisis del ROI de distintas bases de datos.\n                <\/p>\n<\/p><\/div>\n<\/p><\/div>\n<\/p><\/div>\n<\/section>\n<p>    <!-- Secci\u00f3n 3: VALOR A\u00d1ADIDO --><\/p>\n<section id=\"valor-a\u00f1adido\" class=\"section-padding bg-white\">\n            <!-- Imagen de manipulaci\u00f3n detallada --><\/p>\n<div class=\"mb-16 text-center\">\n                <img decoding=\"async\" src=\"http:\/\/tracklogix.es\/wp-content\/uploads\/2025\/12\/Web-Julio.png\" \n                     alt=\"Operario escaneando el contenido de una caja abierta con subcajas mientras un lector fijo escanea el exterior\" \n                     class=\"rounded-xl shadow-2xl w-full max-w-4xl mx-auto h-auto object-cover border-4 border-blue-100\">\n            <\/div>\n<div class=\"max-w-7xl mx-auto\">\n<h2 class=\"text-4xl font-extrabold text-center mb-16 text-gray-800\"><span class=\"text-gradient\">Tecnolog\u00eda, Calidad y Alianzas<\/span>: La F\u00f3rmula de TrackLogix<\/h2>\n<div class=\"space-y-12\">\n                <!-- Bloque 1: Tecnolog\u00eda --><\/p>\n<div class=\"flex flex-col md:flex-row items-center bg-gray-50 p-8 rounded-xl shadow border-l-4 border-blue-600\">\n<div class=\"p-4 rounded-full bg-blue-100 mr-8 mb-4 md:mb-0 flex-shrink-0\">\n                        <i data-lucide=\"code\" class=\"w-8 h-8 text-blue-600\"><\/i>\n                    <\/div>\n<div>\n<h3 class=\"text-2xl font-bold mb-2\">Innovaci\u00f3n y Tecnolog\u00eda Integrada<\/h3>\n<p class=\"text-gray-600\">\n                            ERP interno propio y desarrollo de webservices a medida para una integraci\u00f3n total de datos con los sistemas de CRM y ERP de nuestros clientes.\n                        <\/p>\n<\/p><\/div>\n<\/p><\/div>\n<p>                <!-- Bloque 2: Calidad --><\/p>\n<div class=\"flex flex-col md:flex-row items-center bg-gray-50 p-8 rounded-xl shadow border-l-4 border-blue-600\">\n<div class=\"p-4 rounded-full bg-blue-100 mr-8 mb-4 md:mb-0 flex-shrink-0\">\n                        <i data-lucide=\"shield-check\" class=\"w-8 h-8 text-blue-600\"><\/i>\n                    <\/div>\n<div>\n<h3 class=\"text-2xl font-bold mb-2\">Compromiso con la Calidad<\/h3>\n<p class=\"text-gray-600\">\n                            Proceso de mejora continua, auditor\u00edas anuales de calidad y certificado para la manipulaci\u00f3n de alimentos.\n                        <\/p>\n<\/p><\/div>\n<\/p><\/div>\n<p>                <!-- Bloque 3: Alianzas --><\/p>\n<div class=\"flex flex-col md:flex-row items-center bg-gray-50 p-8 rounded-xl shadow border-l-4 border-blue-600\">\n<div class=\"p-4 rounded-full bg-blue-100 mr-8 mb-4 md:mb-0 flex-shrink-0\">\n                        <i data-lucide=\"truck\" class=\"w-8 h-8 text-blue-600\"><\/i>\n                    <\/div>\n<div>\n<h3 class=\"text-2xl font-bold mb-2\">Alianzas Estrat\u00e9gicas<\/h3>\n<p class=\"text-gray-600\">\n                            Trabajamos integrados con CorreosExpress, GLS, CTT o Zeleris. Decidimos el mejor transporte seg\u00fan destinos, dimensiones o pesos de los env\u00edos.\n                        <\/p>\n<\/p><\/div>\n<\/p><\/div>\n<\/p><\/div>\n<\/p><\/div>\n<\/section>\n<p>    <!-- Secci\u00f3n 4: EXPERIENCIA (Con Clientes Reubicados) --><\/p>\n<section id=\"experiencia\" class=\"section-padding bg-gray-100\">\n<div class=\"max-w-7xl mx-auto\">\n<h2 class=\"text-4xl font-extrabold text-center mb-6 text-gray-800\">Experiencia Contrastada en <span class=\"text-gradient\">Campa\u00f1as de Alto Impacto<\/span><\/h2>\n<p class=\"text-xl text-center max-w-4xl mx-auto mb-10 text-gray-600\">\n            Nuestra experiencia se traduce en resultados tangibles. Clientes que ya conf\u00edan en nosotros:\n        <\/p>\n<p>            <!-- Clientes (Reubicado aqu\u00ed) --><\/p>\n<div class=\"flex flex-wrap justify-center items-center gap-8 lg:gap-16 mb-16\">\n                <img decoding=\"async\" src=\"http:\/\/tracklogix.es\/wp-content\/uploads\/2025\/12\/Logo-Royal-Canin.png\" alt=\"Logo Royal Canin\" class=\"client-logo h-12\"><br \/>\n                <img decoding=\"async\" src=\"http:\/\/tracklogix.es\/wp-content\/uploads\/2025\/12\/logo-Ambipur.jpg\" alt=\"Logo Ambipur\" class=\"client-logo h-12\"><br \/>\n                <img decoding=\"async\" src=\"http:\/\/tracklogix.es\/wp-content\/uploads\/2025\/12\/logo-Sanytol.png\" alt=\"Logo Sanytol\" class=\"client-logo h-12\"><br \/>\n                <img decoding=\"async\" src=\"http:\/\/tracklogix.es\/wp-content\/uploads\/2025\/12\/Logo-Lekue.png\" alt=\"Logo L\u00e9ku\u00e9\" class=\"client-logo h-12\"><br \/>\n                <img decoding=\"async\" src=\"http:\/\/tracklogix.es\/wp-content\/uploads\/2025\/12\/Logo-Saes.png\" alt=\"Logo Grupo Saes\" class=\"client-logo h-12\"><br \/>\n                <img decoding=\"async\" src=\"http:\/\/tracklogix.es\/wp-content\/uploads\/2025\/12\/logo-Fertilex.png\" alt=\"Logo Fertilex\" class=\"client-logo h-12\"><br \/>\n                <img decoding=\"async\" src=\"http:\/\/tracklogix.es\/wp-content\/uploads\/2025\/12\/Logo-Optim-1.png\" alt=\"Logo Optim\" class=\"client-logo h-12\">\n            <\/div>\n<p>            <!-- Casos de \u00c9xito Detallados --><\/p>\n<div class=\"grid md:grid-cols-3 gap-8\">\n<div class=\"bg-white p-6 rounded-xl shadow-lg border-t-2 border-blue-500 hover:shadow-xl transition duration-300 h-full\">\n<div class=\"flex items-center mb-4\">\n                    <i data-lucide=\"paw-print\" class=\"w-6 h-6 text-blue-600 mr-3\"><\/i><\/p>\n<h3 class=\"text-2xl font-bold text-gray-900\">Royal Canin<\/h3>\n<\/p><\/div>\n<p class=\"font-semibold mb-2 text-blue-600\">Programa de prescripci\u00f3n<\/p>\n<p class=\"text-gray-600 mb-4 text-sm\">\n                    Integraci\u00f3n con CRM para asignar puntos a los profesionales seg\u00fan el uso de c\u00f3digos asignados para la prescripci\u00f3n.\n                <\/p>\n<\/p><\/div>\n<div class=\"bg-white p-6 rounded-xl shadow-lg border-t-2 border-blue-500 hover:shadow-xl transition duration-300 h-full\">\n<div class=\"flex items-center mb-4\">\n                    <i data-lucide=\"gift\" class=\"w-6 h-6 text-blue-600 mr-3\"><\/i><\/p>\n<h3 class=\"text-2xl font-bold text-gray-900\">Ambipur<\/h3>\n<\/p><\/div>\n<p class=\"font-semibold mb-2 text-blue-600\">Programa de fidelizaci\u00f3n<\/p>\n<p class=\"text-gray-600 mb-4 text-sm\">\n                    Env\u00edos personalizados e intranet exclusiva para acceso en tiempo real a informes de puntos canjeados.\n                <\/p>\n<\/p><\/div>\n<div class=\"bg-white p-6 rounded-xl shadow-lg border-t-2 border-blue-500 hover:shadow-xl transition duration-300 h-full\">\n<div class=\"flex items-center mb-4\">\n                    <i data-lucide=\"scan\" class=\"w-6 h-6 text-blue-600 mr-3\"><\/i><\/p>\n<h3 class=\"text-2xl font-bold text-gray-900\">Sanytol<\/h3>\n<\/p><\/div>\n<p class=\"font-semibold mb-2 text-blue-600\">Programa de captaci\u00f3n<\/p>\n<p class=\"text-gray-600 mb-4 text-sm\">\n                    Sampling con c\u00f3digos individuales para an\u00e1lisis de los resultados con diferentes bases de datos.\n                <\/p>\n<\/p><\/div>\n<\/p><\/div>\n<\/p><\/div>\n<\/section>\n<p>    <!-- Secci\u00f3n 5: CONTACTO --><\/p>\n<section id=\"contacto\" class=\"section-padding bg-gray-900 text-white\">\n<div class=\"ltr text-left\">\n<div class=\"max-w-7xl mx-auto w-full flex flex-col md:flex-row gap-12 items-start\">\n<div class=\"w-full md:w-1\/2\">\n<h2 class=\"text-4xl font-extrabold mb-4\">Contacta con Nosotros<\/h2>\n<p class=\"text-xl mb-8 text-gray-300\">\n                    Y analizaremos c\u00f3mo podemos ayudarte.\n                <\/p>\n<div class=\"space-y-4 bg-gray-800 p-6 rounded-xl shadow-xl border border-gray-700\">\n\n<div class=\"wpcf7 no-js\" id=\"wpcf7-f92-o1\" lang=\"en-US\" dir=\"ltr\" data-wpcf7-id=\"92\">\n<div class=\"screen-reader-response\"><p role=\"status\" aria-live=\"polite\" aria-atomic=\"true\"><\/p> <ul><\/ul><\/div>\n<form action=\"\/index.php\/wp-json\/wp\/v2\/pages\/23#wpcf7-f92-o1\" method=\"post\" class=\"wpcf7-form init\" aria-label=\"Contact form\" novalidate=\"novalidate\" data-status=\"init\">\n<fieldset class=\"hidden-fields-container\"><input type=\"hidden\" name=\"_wpcf7\" value=\"92\" \/><input type=\"hidden\" name=\"_wpcf7_version\" value=\"6.1.4\" \/><input type=\"hidden\" name=\"_wpcf7_locale\" value=\"en_US\" \/><input type=\"hidden\" name=\"_wpcf7_unit_tag\" value=\"wpcf7-f92-o1\" \/><input type=\"hidden\" name=\"_wpcf7_container_post\" value=\"0\" \/><input type=\"hidden\" name=\"_wpcf7_posted_data_hash\" value=\"\" \/>\n<\/fieldset>\n<p><label> Nombre<br \/>\n<span class=\"wpcf7-form-control-wrap\" data-name=\"nombre\"><input size=\"40\" maxlength=\"400\" class=\"wpcf7-form-control wpcf7-text wpcf7-validates-as-required\" aria-required=\"true\" aria-invalid=\"false\" value=\"\" type=\"text\" name=\"nombre\" \/><\/span> <\/label>\n<\/p>\n<p><label> Email<br \/>\n<span class=\"wpcf7-form-control-wrap\" data-name=\"email\"><input size=\"40\" maxlength=\"400\" class=\"wpcf7-form-control wpcf7-email wpcf7-validates-as-required wpcf7-text wpcf7-validates-as-email\" aria-required=\"true\" aria-invalid=\"false\" value=\"\" type=\"email\" name=\"email\" \/><\/span> <\/label>\n<\/p>\n<p><label> Mensaje<br \/>\n<span class=\"wpcf7-form-control-wrap\" data-name=\"mensaje\"><textarea cols=\"40\" rows=\"10\" maxlength=\"2000\" class=\"wpcf7-form-control wpcf7-textarea\" aria-invalid=\"false\" name=\"mensaje\"><\/textarea><\/span> <\/label>\n<\/p>\n<p><input class=\"wpcf7-form-control wpcf7-submit has-spinner\" type=\"submit\" value=\"Enviar\" \/>\n<\/p><div class=\"wpcf7-response-output\" aria-hidden=\"true\"><\/div>\n<\/form>\n<\/div>\n<\/div>\n<\/p><\/div>\n<div class=\"w-full md:w-1\/2 space-y-8 mt-12 md:mt-0 flex flex-col justify-center\"\n                \n\n<h2 class=\"text-4xl font-extrabold mb-4\">Tambi\u00e9n puedes encontrarnos en:<\/h2>\n<p><\/p>\n<div>\n<h3 class=\"text-2xl font-bold mb-3 flex items-center text-blue-400\"><i data-lucide=\"map-pin\" class=\"w-6 h-6 mr-3\"><\/i> Direcci\u00f3n oficinas<\/h3>\n<p class=\"text-lg text-gray-300 ml-9\">\n                        C\/ Loreto 17 H entlo.4<br \/>\n                        08029 Barcelona\n                    <\/p>\n<\/p><\/div>\n<div>\n<h3 class=\"text-2xl font-bold mb-3 flex items-center text-blue-400\"><i data-lucide=\"map-pin\" class=\"w-6 h-6 mr-3\"><\/i> Direcci\u00f3n almac\u00e9n<\/h3>\n<p class=\"text-lg text-gray-300 ml-9\">\n                        C\/ Vic, 32 nave 3<br \/>\n                        08120 La Llagosta\n                    <\/p>\n<\/p><\/div>\n<div>\n<h3 class=\"text-2xl font-bold mb-3 flex items-center text-blue-400\"><i data-lucide=\"phone\" class=\"w-6 h-6 mr-3\"><\/i> Tel\u00e9fono<\/h3>\n<p class=\"text-lg text-gray-300 ml-9\">\n                        934 195 652\n                    <\/p>\n<\/p><\/div>\n<div>\n<h3 class=\"text-2xl font-bold mb-3 flex items-center text-blue-400\"><i data-lucide=\"mail\" class=\"w-6 h-6 mr-3\"><\/i> Email<\/h3>\n<p class=\"text-lg text-gray-300 ml-9\">\n                        Info@direct2pet.es\n                    <\/p>\n<\/p><\/div>\n<\/p><\/div>\n<\/p><\/div>\n<\/p><\/div>\n<\/section>\n<p>    <!-- Footer --><\/p>\n<footer class=\"bg-black py-8\">\n<div class=\"max-w-7xl mx-auto px-4 sm:px-6 lg:px-8 text-center text-gray-500 text-sm\">\n<p>&copy; 2025 TrackLogix. Todos los derechos reservados.<\/p>\n<\/p><\/div>\n<\/footer>\n","protected":false},"excerpt":{"rendered":"<p>TrackLogix Inicio Servicios Valor A\u00f1adido Experiencia Contacto Inicio Servicios Valor A\u00f1adido Experiencia Contacto Manipulados y env\u00edos con tracking completo Somos especialistas en la gesti\u00f3n y env\u00edo de productos que \u00abexigen\u00bb un tracking personalizado. Deja que TrackLogix gestione tus campa\u00f1as y c\u00e9ntrate en el an\u00e1lisis de los resultados. Solicitar An\u00e1lisis Gratuito Gesti\u00f3n Integral y Env\u00edos con [&hellip;]<\/p>\n","protected":false},"author":1,"featured_media":0,"parent":0,"menu_order":0,"comment_status":"closed","ping_status":"closed","template":"blank-slate-template.php","meta":{"footnotes":""},"class_list":["post-23","page","type-page","status-publish","hentry"],"_links":{"self":[{"href":"http:\/\/tracklogix.es\/index.php\/wp-json\/wp\/v2\/pages\/23","targetHints":{"allow":["GET"]}}],"collection":[{"href":"http:\/\/tracklogix.es\/index.php\/wp-json\/wp\/v2\/pages"}],"about":[{"href":"http:\/\/tracklogix.es\/index.php\/wp-json\/wp\/v2\/types\/page"}],"author":[{"embeddable":true,"href":"http:\/\/tracklogix.es\/index.php\/wp-json\/wp\/v2\/users\/1"}],"replies":[{"embeddable":true,"href":"http:\/\/tracklogix.es\/index.php\/wp-json\/wp\/v2\/comments?post=23"}],"version-history":[{"count":46,"href":"http:\/\/tracklogix.es\/index.php\/wp-json\/wp\/v2\/pages\/23\/revisions"}],"predecessor-version":[{"id":107,"href":"http:\/\/tracklogix.es\/index.php\/wp-json\/wp\/v2\/pages\/23\/revisions\/107"}],"wp:attachment":[{"href":"http:\/\/tracklogix.es\/index.php\/wp-json\/wp\/v2\/media?parent=23"}],"curies":[{"name":"wp","href":"https:\/\/api.w.org\/{rel}","templated":true}]}}